se 6*n = 709 - 199. What is the greatest common divisor of 5 and n?
5
Let j(n) = -3*n**3 + 2*n**2 + 3*n + 2. Let d be j(-2). Suppose -f = -q + 9, 0 = 2*q - f + 5 - 18. What is the highest common divisor of q and d?
4
Let p = 112 + -102. Calculate the greatest common divisor of 35 and p.
5
Let b = -13 - -39. Suppose -5*a + 4*a - 8 = 0. Let n = a + b. What is the highest common divisor of n and 162?
18
Let g(h) = 2*h**2 + 4*h - 10. Let t be g(-8). Let k be (-170)/3 - 4/(-6). Let r = k + t. What is the greatest common divisor of 12 and r?
6
Let t = -2 + 3. Let a(w) = w + 3. Let m be a(3). Let z = m - 1. What is the greatest common factor of z and t?
1
Let k be (-6)/4 + (-276)/(-8). What is the highest common factor of k and 3?
3
Let a be 2/(-4) - 424/(-16). Suppose -2*k - a = -156. Calculate the highest common factor of 13 and k.
13
Suppose -3*g + 0*g = 24. Let o be g/(-1) + (6 - 4). Let a be -20*(-1)/(-2)*-2. What is the greatest common factor of a and o?
10
Suppose -5*u = 25, -3*u - 13 = -h - 4*u. Calculate the greatest common divisor of h and 18.
18
Let b(u) = u**3 + 7*u**2 + 2*u + 16. Let d be b(-7). Suppose -6*j = -d*j - 80. What is the highest common divisor of 100 and j?
20
Let d = 35 + 1. Suppose 0 = i - 6 + 2. Calculate the highest common factor of i and d.
4
Suppose 5*h = -8 + 28. Let v be (-539)/(-44) + 2/(-8). Calculate the highest common divisor of h and v.
4
Suppose 0 = -4*a + w + 930, -2*a + 3*a + 5*w = 222. Calculate the highest common factor of 29 and a.
29
Let r be 21 + 1 + -4 + 3. Calculate the highest common divisor of r and 21.
21
Suppose 5*p - 96 = 4*m, 0*m = -m - 4. What is the highest common divisor of p and 32?
16
Let a(w) = -4*w. Let t be a(-1). Suppose t + 4 = z. Let s = -268 + 308. Calculate the greatest common factor of z and s.
8
Let n = 14 + -7. Let i = n + 0. Let f = -4 + 5. What is the greatest common divisor of f and i?
1
Let v = 2 + 3. Let u be 1/(1 - (-4)/(-5)). Calculate the highest common divisor of v and u.
5
Let z be 0 + 4/(12/9). What is the highest common factor of 33 and z?
3
Let q = -196 + 284. What is the greatest common factor of q and 8?
8
Suppose 3*s = 4*m - 4, 0 = -4*m - 0*s - s + 20. What is the highest common divisor of 36 and m?
4
Suppose 0 = p - 28 + 7. Calculate the greatest common divisor of 63 and p.
21
Suppose -3*g = -2*g - 81. Calculate the greatest common divisor of g and 54.
27
Suppose -5*l - 3020 = -0*l. Let m be l/(-10) - (-2)/(-5). Calculate the highest common divisor of 40 and m.
20
Suppose 6*f - 40 = 2*f. Suppose 0 = -0*t + t - f. Calculate the highest common divisor of 5 and t.
5
Let s(k) = -2*k - 7. Let y be s(-5). Let q be 21/y*(2 - -1). Let z = 47 - q. What is the highest common factor of z and 13?
13
Let f(v) = -7*v**2 + v - 1. Let k be f(1). Let n = 25 - k. What is the greatest common factor of 8 and n?
8
Suppose -18*s + 96 = -14*s. What is the greatest common divisor of s and 6?
6
Let l = -11 + 16. Let z be 336/15 - 2/l. What is the greatest common factor of z and 55?
11
Suppose -5*b = -5*u - 5, 3*b = -2*u + u + 7. What is the greatest common factor of 2 and b?
2
Let u = 8 + 72. Suppose -5 = -5*c + 2*a, 2*c = -c + 4*a - 11. Suppose 5 = c*x - 25. Calculate the highest common divisor of u and x.
10
Let n be -42 - -16 - 2*1. Let k be (-284)/(-14) - (-8)/n. Calculate the greatest common factor of 30 and k.
10
Let u(l) = -l**2 - 15*l - 8. Let b be u(-14). Calculate the highest common factor of b and 24.
6
Let q be 1/((-22)/(-172)) - (-6)/33. Calculate the greatest common factor of q and 104.
8
Let g(v) = -v**3 + 5*v**2 + 5*v + 9. Let n be g(6). Calculate the greatest common factor of n and 6.
3
Suppose -3*r + 216 = 21. Suppose -4*c + r = c. Calculate the highest common divisor of 39 and c.
13
Let q(k) = -2*k - 4. Let x be q(-3). Suppose -z - 9 = -4*z. Suppose z = x*l - 17. Calculate the highest common divisor of l and 20.
10
Let m(d) = -19*d + 18. Let x be m(-6). Calculate the highest common divisor of 12 and x.
12
Let f(a) = -2 - 3*a - a + 1 + 5*a. Let z be f(11). Calculate the greatest common divisor of z and 25.
5
Let s(k) = -6*k + 3. Let j be s(-3). What is the greatest common factor of j and 231?
21
Suppose o - 89 - 54 = 0. What is the highest common factor of o and 13?
13
Let y(x) = -5*x - 3. Let u = -4 - -2. Let m be y(u). Let z(r) = -r**2 + 8*r - 1. Let a be z(m). What is the greatest common factor of 66 and a?
6
Let z(i) = -i + 26. Let x be z(6). Let q be (-162)/(-8) - (-10)/(-40). Calculate the highest common divisor of q and x.
20
Suppose -4*t + 9 = 5*n - 7*t, 5*t + 15 = -2*n. Let f = 48 - 21. Suppose 4*l = n, -5*g - 5*l = -2*g - f. Calculate the greatest common divisor of g and 99.
9
Suppose -4*l + 4*g = -56, -3*l - 65 = -8*l + 4*g. What is the greatest common divisor of l and 81?
9
Let h(d) = d**2 - 3*d - 4. Let g be h(6). Let q be 4/6*(-252)/(-4). Calculate the highest common divisor of q and g.
14
Let d(a) = 2*a**2 - a + 1. Let q be d(1). Let b be (-68)/(-8) - 1/q. Let z = -3 + 5. What is the greatest common divisor of b and z?
2
Let n = 23 - 4. Suppose -n = -2*s - 3. Suppose 8 = 2*g - 4*d, 0 = 2*g - g - 5*d + s. Calculate the greatest common factor of 96 and g.
12
Let u = -25 - -39. Calculate the greatest common factor of 28 and u.
14
Let k be (-102)/(-5) - (-90)/150. Calculate the highest common divisor of k and 3.
3
Let v(n) = 10*n - 2. Let m be v(-8). Suppose 5*p = 2*b + 89, -1 = p - 2. Let i = b - m. What is the greatest common factor of i and 16?
8
Suppose -9*k - 9*k + 72 = 0. Calculate the greatest common factor of k and 52.
4
Suppose -3*u + 2*y + 51 = 4*y, 0 = u + 4*y - 7. What is the highest common factor of 38 and u?
19
Suppose 2*t = -0*c - 3*c + 2, 0 = -5*c - 4*t. Let l(p) = 5*p**2 - 1. Let h be l(-1). Calculate the highest common divisor of h and c.
4
Suppose 3*r + 5*x - 85 = 0, 4*r + 5*x = 3*r + 45. What is the highest common factor of r and 15?
5
Suppose -4*y = y + u - 88, y + 5*u - 8 = 0. Calculate the highest common factor of 54 and y.
18
Let q be 273 - 1*(-3 + 0). Let f = q - 196. Calculate the greatest common factor of f and 20.
20
Let c(a) = a**2 + 5*a - 1. Let y be c(-6). Let q be 2/(-5) - (-27)/y. Suppose -q*r = -83 - 217. Calculate the highest common divisor of 12 and r.
12
Let x(c) = -c**3 - 5*c**2 - 2*c + 3. Let q be x(-3). Let r = 20 + q. Calculate the greatest common factor of 44 and r.
11
Suppose 0 = 2*p - 5*u - 3, 0 + 3 = -2*p - u. Let v be (p - (-2)/2) + 75. Suppose 10*d - v = 5*d. What is the greatest common factor of 75 and d?
15
Suppose 3*z = 1134 + 87. What is the highest common divisor of z and 37?
37
Let k be 2 - (-3 + 4)*-35. Calculate the highest common factor of 37 and k.
37
Suppose 13*s - 14*s + 11 = 0. Suppose -10 = o - 6*o. Suppose -354 = -4*v + 2*r, -5*v = -o*r - 425 - 17. Calculate the greatest common divisor of v and s.
11
Let o(m) = -m**2 + 7*m. Let b be o(6). Let i = 10 + b. What is the highest common divisor of i and 32?
16
Let t be 47 - -2 - 1/(-1). Let h = t - 17. What is the greatest common factor of h and 22?
11
Suppose -4 = -4*c + 8. Suppose -c*x - 6 = -3*y, 5*y - 4 = x - 2*x. Let z = 4 + y. Calculate the highest common divisor of z and 5.
5
Let v be 6/(-4) + (-27)/(-6). Suppose 0*m - v*m = -9. What is the greatest common divisor of m and 2?
1
Suppose 3*o + 65 = 4*f, -2*o - 3*o = -f + 29. Calculate the greatest common divisor of f and 14.
14
Let g = -9 - -12. Suppose 26 = g*x - x. Calculate the greatest common divisor of 13 and x.
13
Let q be (-4)/(-22) - ((-22152)/(-44))/(-3). What is the greatest common divisor of q and 21?
21
Suppose 0 = -3*o - q + 8, -6*q = -5*o - q + 40. Suppose -3*n - 5*m = 1, n + n + m = 11. What is the highest common divisor of o and n?
4
Suppose 5*g = 5*p + 100, -2*p + 6 = -g + 23. Suppose -5 = -2*j + b, -g = -2*j - 2*b - 3*b. What is the highest common divisor of j and 10?
2
Let n(a) = 46*a**2 - 2*a + 4. Let v(b) = -47*b**2 + 2*b - 5. Let j(i) = 6*n(i) + 5*v(i). Let c be j(-1). What is the highest common divisor of c and 6?
6
Suppose -5*s + 8*s - 9 = 0. Suppose h + s = 10. Calculate the greatest common divisor of 63 and h.
7
Let d be ((-105)/20)/(-2*4/32). What is the greatest common divisor of 21 and d?
21
Let w(h) = h**3 - 6*h**2 + h - 4. Let r be w(5). Let m be r/(1*(-4 + 3)). Let